e remainder when 52/(l - 2 - -5) is divided by 7?
5
Let q be (-1344)/(-11) + (-22)/121. Suppose -q = -2*i + 58. Calculate the remainder when i is divided by 31.
28
Suppose 5*o - 8 = -3. Let i be (1/(-2))/(o/22). Let f = i + 30. What is the remainder when f is divided by 5?
4
Let b be (-171)/(-18) + 6/4. Let t = -11 + b. Suppose -3*x + 8*x - 80 = t. Calculate the remainder when 29 is divided by x.
13
Suppose 0 = 9*y + 3*y - 144. Suppose 3*i + 0*i = 132. Calculate the remainder when i is divided by y.
8
Let w be (-6)/27 + (-263)/(-9). Let v = w + -25. Suppose -v*u + 10*u = 252. Calculate the remainder when u is divided by 15.
12
Suppose 0 = -5*i, -2*g + 8*i = 6*i - 158. Calculate the remainder when g is divided by 27.
25
Suppose -19*d = -1916 + 1289. Calculate the remainder when d is divided by 11.
0
Suppose 7*k - 1834 = -7*k. Let c = 201 - k. What is the remainder when c is divided by 1 + (-1)/((-2)/34)?
16
Suppose g + 7 = 52. Calculate the remainder when ((-9)/g)/(3/(-1245)) is divided by 17.
15
Let f(h) = 2*h**2 + 3*h + 16. Let u be (9/(-4))/((-6)/128). Calculate the remainder when (-2)/(-1) + -3 + u is divided by f(-3).
22
Let j be 9/6*(-88)/(-12). What is the remainder when 47 is divided by j/((-22)/4) - -18*1?
15
Let z(a) = 4*a**2 - 3*a - 9. Let k be z(-4). Let m = -58 + k. Suppose -4 = 5*q - 14. Calculate the remainder when m is divided by q.
1
Suppose 0 = -f - 2*u - 4, -5*f + 4*u + 50 = -0*u. Let w be (9/f)/((-3)/84). Let r = -21 - w. What is the remainder when 82 is divided by r?
19
Suppose w = 5 - 1. Let v = 656 + -609. Calculate the remainder when v is divided by w.
3
Let z be (16/(-6))/((-10)/180). Suppose 0*v - 2*l = 2*v - z, 2*l = -v + 29. Let h = 13 + -6. What is the remainder when v is divided by h?
5
Let v be (-8)/(-48) - 53/(-6). Suppose v*x - 11*x + 220 = 0. Calculate the remainder when x is divided by 14.
12
Let z be (8/(-3))/((-2)/(-3)). Let q(t) = -t**2 + 5*t + 1. What is the remainder when z - -5 - (-1 - 1) is divided by q(5)?
0
Suppose 2*r = 5*g + 31, -5*r + 57 = -r - 5*g. Let f = -11 + r. What is the remainder when 46 is divided by (f + 0)*(2 - -6)?
14
Let q = -52 - -54. Calculate the remainder when 90 is divided by q.
0
Suppose 4*g + 2*a + 3*a - 41 = 0, -3 = -2*g + a. Suppose -12 = -4*f, -5*m + 17 = -m + 3*f. What is the remainder when g is divided by m?
0
Let s(n) = -2*n - 6. Let z(y) = -3*y - 11. Let t(d) = -5*s(d) + 3*z(d). Suppose 6*p = 2*p + 88. What is the remainder when p is divided by t(11)?
6
Let d = -83 - -138. Let j be ((-6)/5)/((-22)/d). Suppose 0*k + j*k = 36. Calculate the remainder when 23 is divided by k.
11
Let m be 2/((30/40)/(6/4)). Suppose 2*b = -4 - 2, 4*t = -m*b + 836. Calculate the remainder when t is divided by 43.
40
Let l be (25 + -26)/(1/5). What is the remainder when 6034/84 - l/(-6) is divided by 25?
21
Let k(h) = -2*h**2 + 15*h + 11. Calculate the remainder when 189 is divided by k(3).
37
Let l(a) = a**3 + 12*a**2 + 10*a. Suppose -30*m = -1441 + 511. What is the remainder when m is divided by l(-11)?
9
What is the remainder when 197 is divided by 21*18/(-315)*-5?
5
Let s = -749 + 815. Let w(m) = -12*m + 5. Let z be w(4). Let a = z + s. What is the remainder when 91 is divided by a?
22
Let m(s) = -s**2 + 30*s + 11. What is the remainder when m(29) is divided by 14?
12
Let w(g) = -4*g + 0*g - 8 + 10. Let n be w(3). Let o = n - -25. What is the remainder when 43 is divided by o?
13
Let v be 2*(-12)/6 + -56 + 1. Let b = v + 197. Calculate the remainder when b is divided by 47.
44
Let r = 80 - 120. What is the remainder when ((-276)/(-30))/((-4)/r) is divided by 27?
11
Let d = 59 - 88. Let r = -21 - d. What is the remainder when 39 is divided by r?
7
Let u(z) = z + 1. Let y(o) = -19*o - 5. Let i(x) = 4*u(x) + y(x). Suppose -2 = 7*r - 5*r. What is the remainder when i(r) is divided by 8?
6
Suppose 0 = 53*a - 1189 - 666. What is the remainder when 161 is divided by a?
21
Let i(g) = 2*g - 1 - 4 + 2. Let s be i(-6). Calculate the remainder when 18 is divided by (1 - 2)/3*s.
3
Suppose -2*x + 137 = -0*x + 3*a, 5*a - 15 = 0. Let u = 5 - -12. What is the remainder when x is divided by u?
13
Let u be (6/(-15))/(7/(-455)). Calculate the remainder when (36/8 - 4)*u is divided by 5.
3
Let o(a) = -62*a**3 - 5*a**2 - 5*a - 1. Calculate the remainder when 116 is divided by o(-1).
55
Suppose -36 = 5*z - 116. Let p(u) = -27*u**3 + u**2 - 1. Let j be -3 - (2 + -6) - (2 - 0). Calculate the remainder when p(j) is divided by z.
11
Suppose -8*m = -u - 747, -89 = -m - 3*u + 4*u. What is the remainder when m is divided by 18?
4
Let n(q) = -37*q + 12. What is the remainder when n(-5) is divided by -1 + 1 - (-46 + (-4)/1)?
47
Let q(t) = -2*t - 4. Let x(l) = -12*l**2 + 4 - 2 + 11*l**2 - 3*l. Let c be x(-5). What is the remainder when 34 is divided by q(c)?
10
Suppose 25 = -5*f, 5*g - 2*f = 19 - 4. Suppose i - k = 32, -k - 76 = -3*i - 3*k. Calculate the remainder when i is divided by (-6)/(-12) - (g - (-17)/(-2)).
4
Let t(g) = -21*g - 17. Let y = 39 - 41. What is the remainder when t(y) is divided by 16?
9
Let s = 394 - 355. Calculate the remainder when 76 is divided by s.
37
Let b be (-3)/(-3*(-2)/4). Let r be ((-24)/3)/(b/(-3)). What is the remainder when 34 is divided by r/20 + (-96)/(-10)?
7
Let t(a) = a**3 + 8*a**2 - a - 7. What is the remainder when (-18)/(-30) + (-4)/(-10) is divided by t(-8)?
0
Let x = -8 - -23. Suppose -c = t - 64, 4*c - 4*t - 260 = -44. What is the remainder when c is divided by x?
14
Suppose -4*n + 117 + 23 = 4*v, 5*n + 175 = 5*v. Suppose v + 20 = 5*k. What is the remainder when k is divided by (1/2)/(2/28)?
4
Let t(p) = 3*p - 22. Let f be t(9). Let c be (f - 2)/((-1)/1). What is the remainder when 3 is divided by 1 - (c + 1 - 0)?
0
Let i(b) = -3*b + 2. Let v = 260 + -132. Suppose 9*l - v = 5*l. What is the remainder when l is divided by i(-5)?
15
Let p = 88 - 62. What is the remainder when 69 is divided by p?
17
Let m = 40 - 25. Suppose -62 = 4*c + 3*v, -c - c - 20 = -4*v. Let w = c - -41. Calculate the remainder when w is divided by m.
12
Suppose -3*n = -5 + 11. Suppose 4*c - 4*h = 164, 5*c - 94 - 66 = -4*h. Calculate the remainder when c is divided by n*84/(-8) + -2.
17
Let m = 643 - 628. Let p = 16 - 8. What is the remainder when m is divided by p?
7
Suppose t + 3*t = 276. What is the remainder when t is divided by 64/20*(-15)/(-2)?
21
Suppose -r = -4*b + 272, 14*b - 199 = 11*b + 2*r. Calculate the remainder when 2621 is divided by b.
68
Let n = 87 + -73. Let f = 71 - n. Calculate the remainder when f is divided by 10.
7
Let h = 437 - 419. Calculate the remainder when 195 is divided by h.
15
Calculate the remainder when 7/(-21)*-48 + 4 is divided by 8.
4
Let k(q) = -q**2 + 2*q - 15. Let j be k(0). Calculate the remainder when (-2 - j) + -4 - 2 is divided by 4.
3
Suppose -4*n - 4*o = -44, -o = -3*n + 25 - 0. Let l(x) = 4*x - 15. Let w be l(-12). Let p = w - -88. What is the remainder when p is divided by n?
7
Suppose -5*z = -6*z + 53. Suppose q = 4*p + 103, z + 56 = q + 2*p. What is the remainder when q is divided by 18?
17
Suppose 0*k + 3*o = 3*k - 102, -5*k + 4*o + 167 = 0. Calculate the remainder when 214 is divided by k.
28
Let l = 315 - 306. What is the remainder when 96 is divided by l?
6
Let a be (-1)/(3/21*-1*-1). Let l = 21 + a. What is the remainder when 69 is divided by l?
13
Let y = 556 - 494. Calculate the remainder when y is divided by 34.
28
Suppose 3 = 3*i - 18. Suppose i*b = 6*b + 48. Let q = 10 + b. What is the remainder when q is divided by 15?
13
Suppose 29 - 9 = -5*t. Let o = t + 11. Let r = -10 + 30. Calculate the remainder when r is divided by o.
6
Let b(n) = -11 + 4*n + 0 + 1 + n**2 + 6*n. Suppose 0*v + 2 = -v - 3*m, 2*v + 2*m + 16 = 0. What is the remainder when 3 is divided by b(v)?
0
Suppose 3*p = -p + 76. Let w = 107 - 107. Suppose 5*s - 6*s + 54 = w. Calculate the remainder when s is divided by p.
16
Let f = 155 + 37. What is the remainder when f is divided by 29?
18
Let k = 152 - 200. Calculate the remainder when 45 is divided by (-27)/(-4) - k/(-64).
3
What is the remainder when -6*-155*(-13)/(390/(-4)) is divided by 41?
1
Calculate the remainder when ((-16)/(-24))/(12/3258) is divided by 71.
39
Suppose 0 = 4*p - p - 2*w - 16, -5*w = -p + 14. Suppose -4*h =